it of 2158604338?
2
What is the units digit of 267953287?
7
What is the hundred thousands digit of 364340233?
3
What is the hundreds digit of 2271381924?
9
What is the hundred thousands digit of 841592426?
5
What is the thousands digit of 62200955?
0
What is the ten millions digit of 62019434?
6
What is the hundred thousands digit of 32229061?
2
What is the hundred thousands digit of 467895557?
8
What is the millions digit of 70580603?
0
What is the hundreds digit of 87457792?
7
What is the ten millions digit of 146401028?
4
What is the tens digit of 319242506?
0
What is the units digit of 157503829?
9
What is the thousands digit of 1226069852?
9
What is the thousands digit of 210524529?
4
What is the millions digit of 421638902?
1
What is the tens digit of 27672609?
0
What is the millions digit of 102709031?
2
What is the millions digit of 1913391722?
3
What is the hundred thousands digit of 949662318?
6
What is the tens digit of 20267242?
4
What is the ten millions digit of 67512767?
6
What is the ten millions digit of 1147696222?
4
What is the ten millions digit of 62081285?
6
What is the millions digit of 74950370?
4
What is the millions digit of 1017276586?
7
What is the hundreds digit of 104724133?
1
What is the ten thousands digit of 372197495?
9
What is the tens digit of 61359724?
2
What is the units digit of 10857965?
5
What is the hundred millions digit of 571911499?
5
What is the thousands digit of 210911994?
1
What is the units digit of 4094873073?
3
What is the billions digit of 1858017670?
1
What is the hundred thousands digit of 2755455250?
4
What is the ten thousands digit of 891215312?
1
What is the millions digit of 65447895?
5
What is the tens digit of 147188595?
9
What is the thousands digit of 119943530?
3
What is the thousands digit of 571185592?
5
What is the hundred thousands digit of 217952332?
9
What is the hundred millions digit of 1333904562?
3
What is the ten thousands digit of 25414610?
1
What is the millions digit of 1088886244?
8
What is the hundred millions digit of 4861782652?
8
What is the ten millions digit of 2391329461?
9
What is the tens digit of 3907544?
4
What is the hundreds digit of 746968794?
7
What is the units digit of 17065083?
3
What is the hundred thousands digit of 109332716?
3
What is the ten thousands digit of 4621440108?
4
What is the hundreds digit of 831430936?
9
What is the tens digit of 308979027?
2
What is the millions digit of 25236435?
5
What is the ten millions digit of 1463361462?
6
What is the millions digit of 181664033?
1
What is the billions digit of 4232086701?
4
What is the tens digit of 35488832?
3
What is the thousands digit of 8984025?
4
What is the millions digit of 81949508?
1
What is the millions digit of 95316490?
5
What is the billions digit of 3793111933?
3
What is the millions digit of 145295485?
5
What is the hundred thousands digit of 335864929?
8
What is the ten thousands digit of 26619043?
1
What is the hundred millions digit of 105515211?
1
What is the tens digit of 25041140?
4
What is the units digit of 159069072?
2
What is the units digit of 113701159?
9
What is the hundreds digit of 28347196?
1
What is the hundred thousands digit of 1154165237?
1
What is the ten millions digit of 451466762?
5
What is the hundreds digit of 94413779?
7
What is the millions digit of 3603381336?
3
What is the tens digit of 412752641?
4
What is the tens digit of 3370075874?
7
What is the hundreds digit of 281926120?
1
What is the hundred thousands digit of 48635510?
6
What is the units digit of 133000533?
3
What is the hundred thousands digit of 527645504?
6
What is the units digit of 3738501911?
1
What is the hundreds digit of 176093083?
0
What is the hundreds digit of 36438471?
4
What is the units digit of 183865537?
7
What is the hundred millions digit of 129717459?
1
What is the thousands digit of 1359187021?
7
What is the millions digit of 1258767826?
8
What is the millions digit of 47714141?
7
What is the millions digit of 23789610?
3
What is the thousands digit of 693265852?
5
What is the millions digit of 262030398?
2
What is the hundred thousands digit of 273236681?
2
What is the hundred thousands digit of 52281938?
2
What is the thousands digit of 40717738?
7
What is the ten millions digit of 1094061406?
9
What is the ten thousands digit of 3062565455?
6
What is the thousands digit of 5466469333?
9
What is the tens digit of 300575504?
0
What is the ten millions digit of 2280883797?
8
What is the tens digit of 2078058817?
1
What is the millions digit of 128933516?
8
What is the hundred thousands digit of 201815506?
8
What is the hundreds digit of 6186189905?
9
What is the hundred millions digit of 339176782?
3
What is the ten millions digit of 175276981?
7
What is the units digit of 57590749?
9
What is the hundreds digit of 1100029798?
7
What is the ten thousands digit of 15964390?
6
What is the thousands digit of 35705363?
5
What is the ten thousands digit of 923347787?
4
What is the hundreds digit of 8115538561?
5
What is the thousands digit of 39411065?
1
What is the units digit of 89354753?
3
What is the hundred thousands digit of 6628165550?
1
What is the tens digit of 602143961?
6
What is the millions digit of 221022692?
1
What is the hundred thousands digit of 151271216?
2
What is the ten millions digit of 357825272?
5
What is the thousands digit of 730688075?
8
What is the ten thousands digit of 19268528?
6
What is the tens digit of 3997718858?
5
What is the ten millions digit of 31383440?
3
What is the ten millions digit of 14501768?
1
What is the hundred thousands digit of 39555761?
5
What is the millions digit of 61329148?
1
What is the ten thousands digit of 1346105595?
0
What is the ten thousands digit of 490379017?
7
What is the billions digit of 1434790379?
1
What is the hundreds digit of 8614711?
7
What is the tens digit of 537793302?
0
What is the hundred thousands digit of 30007517?
0
What is the ten millions digit of 524284174?
2
What is the tens digit of 44244007?
0
What is the units digit of 1374816349?
9
What is the millions digit of 3062329569?
2
What is the hundreds digit of 3189017080?
0
What is the ten millions digit of 7741741753?
4
What is the tens digit of 50656428?
2
What is the hundred thousands digit of 1087230004?
2
What is the units digit of 208349358?
8
What is the ten millions digit of 29991174?
2
What is the thousands digit of 72064079?
4
What is the ten thousands digit of 84321745?
2
What is the thousands digit of 154984003?
4
What is the hundred thousands digit of 37250288?
2
What is the ten thousands digit of 15149396?
4
What is the thousands digit of 170983376?
3
What is the hundred thousands digit of 115480969?
4
What is the hundred thousands digit of 1987031045?
0
What is the tens digit of 5166475500?
0
What is the hundred millions digit of 824220468?
8
What is the thousands digit of 419263601?
3
What is the ten thousands digit of 883809637?
0
What is the hundred millions digit of 191716520?
1
What is the thousands digit of 213346688?
6
What is the units digit of 2031185430?
0
What is the units digit of 98652407?
7
What is the ten thousands digit of 2795336460?
3
What is the units digit of 1342664301?
1
What is the thousands digit of 48242067?
2
What is the hundreds digit of 382676825?
8
What is the thousands digit of 98369500?
9
What is the hundred thousands digit of 702593797?
5
What is the hundred thousands digit of 532912386?
9
What is the tens digit of 324977875?
7
What is the thousands digit of 165355331?
5
What is the tens digit of 1571364939?
3
What is the hundred millions digit of 4956123940?
9
What is the tens digit of 552431282?
8
What is the ten thousands digit of 328224122?
2
What is the hundred millions digit of 1312537007?
3
What is the thousands digit of 661081488?
1
What is the ten thousands digit of 987870115?
7
What is the thousands digit of 2295979885?
9
What is the units digit of 23558359?
9
What is the ten thousands digit of 3290983886?
8
What is the millions digit of 1414909654?
4
What is the ten thousands digit of 10355050?
5
What is the hundreds digit of 238697981?
9
What is the units digit of 168637084?
4
What is the thousands digit of 521607641?
7
What is the hundreds digit of 28168426?
4
What is t